{"id":19,"date":"2019-10-08T09:49:50","date_gmt":"2019-10-08T07:49:50","guid":{"rendered":"http:\/\/wp13417484.server-he.de\/?page_id=19"},"modified":"2024-02-20T18:07:57","modified_gmt":"2024-02-20T16:07:57","slug":"foerderverein","status":"publish","type":"page","link":"http:\/\/www.grundschule-freinsheim.de\/?page_id=19","title":{"rendered":"F\u00f6rderkreis"},"content":{"rendered":"\n<p>Der F\u00f6rderkreis unserer Grundschule f\u00f6rdert schnell und unb\u00fcrokratisch\nProjekte des Schullebens. Auch in diesem Schuljahr\norganisiert der F\u00f6rderkreis Nachmittagsangebote f\u00fcr unsere Grundsch\u00fcler\/innen. <\/p>\n\n\n\n<p>Weitere\nInformationen finden Sie unter <a href=\"http:\/\/www.hsg-foerderkreis.de\"><strong>www.hsg-foerderkreis.de<\/strong><\/a><strong><\/strong><\/p>\n","protected":false},"excerpt":{"rendered":"<p>Der F\u00f6rderkreis unserer Grundschule f\u00f6rdert schnell und unb\u00fcrokratisch Projekte des Schullebens. Auch in diesem Schuljahr organisiert der F\u00f6rderkreis Nachmittagsangebote f\u00fcr unsere Grundsch\u00fcler\/innen. Weitere Informationen finden Sie unter www.hsg-foerderkreis.de<\/p>\n","protected":false},"author":1,"featured_media":0,"parent":0,"menu_order":0,"comment_status":"closed","ping_status":"closed","template":"","meta":[],"_links":{"self":[{"href":"http:\/\/www.grundschule-freinsheim.de\/index.php?rest_route=\/wp\/v2\/pages\/19"}],"collection":[{"href":"http:\/\/www.grundschule-freinsheim.de\/index.php?rest_route=\/wp\/v2\/pages"}],"about":[{"href":"http:\/\/www.grundschule-freinsheim.de\/index.php?rest_route=\/wp\/v2\/types\/page"}],"author":[{"embeddable":true,"href":"http:\/\/www.grundschule-freinsheim.de\/index.php?rest_route=\/wp\/v2\/users\/1"}],"replies":[{"embeddable":true,"href":"http:\/\/www.grundschule-freinsheim.de\/index.php?rest_route=%2Fwp%2Fv2%2Fcomments&post=19"}],"version-history":[{"count":3,"href":"http:\/\/www.grundschule-freinsheim.de\/index.php?rest_route=\/wp\/v2\/pages\/19\/revisions"}],"predecessor-version":[{"id":37,"href":"http:\/\/www.grundschule-freinsheim.de\/index.php?rest_route=\/wp\/v2\/pages\/19\/revisions\/37"}],"wp:attachment":[{"href":"http:\/\/www.grundschule-freinsheim.de\/index.php?rest_route=%2Fwp%2Fv2%2Fmedia&parent=19"}],"curies":[{"name":"wp","href":"https:\/\/api.w.org\/{rel}","templated":true}]}}

Förderkreis

<p>Der Förderkreis unserer Grundschule fördert schnell und unbürokratisch
Projekte des Schullebens. Auch in diesem Schuljahr
organisiert der Förderkreis Nachmittagsangebote für unsere Grundschüler/innen. </p>



<p>Weitere
Informationen finden Sie unter <a href="http://www.hsg-foerderkreis.de"><strong>www.hsg-foerderkreis.de</strong></a><strong></strong></p>

<p>Der Förderkreis unserer Grundschule fördert schnell und unbürokratisch Projekte des Schullebens. Auch in diesem Schuljahr organisiert der Förderkreis Nachmittagsangebote für unsere Grundschüler/innen. Weitere Informationen finden Sie unter www.hsg-foerderkreis.de</p>
